2 - c. List the prime factors of g.
2, 3, 13
Let g(a) = -a**3 - 5*a**2 - 5*a - 4. Suppose 4*y + 18 = 3*c - 7, -5*c = 2*y - 7. Let l be g(y). What are the prime factors of 60 + ((-4)/2 - l)?
2, 29
Let x(d) = 56*d**2 - 9*d - 14. List the prime factors of x(-2).
2, 3, 19
Let r(x) = -5*x - 9*x + 6 + 15*x. Let n be r(-3). Suppose 88 = c + n*c. List the prime factors of c.
2, 11
Let t(r) = 4*r - 1. Let j be t(1). Suppose -i = j*i - 64. What are the prime factors of i?
2
Let m(y) = 11*y**2 - 1. Let l be m(-1). Let f(i) = -i**3 + 14*i**2 - 16*i + 22. What are the prime factors of f(l)?
2, 131
Let q = 1618 + -649. What are the prime factors of q?
3, 17, 19
Suppose 2*m - 4 = -2*s - 2, -s + 7 = -5*m. Let h(o) = -233*o**3 - 3*o**2 - o + 2. What are the prime factors of h(m)?
233
Suppose 0 = 3*c - l + 22 + 26, -4*l - 32 = 2*c. Suppose 4*f + 623 + 1457 = 0. List the prime factors of 2/4 + f/c.
3, 11
Suppose 33*q - 20 = 29*q. Suppose 0 = 3*o - q*h - 183, 5*h = -4*o + 3*o + 61. What are the prime factors of o?
61
Let p(k) = k**3 + 10*k**2 - 10*k + 12. Let s be p(-11). Suppose 4*t = -3*m - 29, -2*t + 5*m - s = -6. Let j(x) = -3*x + 9. What are the prime factors of j(t)?
2, 3
Suppose -2 + 3 = -p, 0 = -4*b + 3*p + 19. Suppose b*d - 4 = -28. List the prime factors of 1/(d/33)*-4.
2, 11
Let i(h) = -42*h + 34. What are the prime factors of i(-7)?
2, 41
Suppose 5*i = -5*l - 480, -5*i + 16 = -l + 526. Let o = 84 - i. What are the prime factors of o?
5, 37
Let x(z) = 2*z**2 - 27*z + 52. List the prime factors of x(17).
3, 19
Let p(d) = 6*d + 6. Let b be p(3). Let n = b - 24. Suppose -103 = -a - 2*a + 2*h, n = a + 2*h - 45. What are the prime factors of a?
37
Let i = 50 - 50. Suppose i = -5*j + 5*r + 995, -3*r - 403 = -2*j - 6*r. What are the prime factors of j?
2, 5
Let f = -67 + 1479. List the prime factors of f.
2, 353
Suppose -4*f - 3*f + 2688 = 0. List the prime factors of f.
2, 3
Suppose 0 = -h + 3, 2*b + 3 - 17 = -2*h. Suppose b*t - 9*t = -835. List the prime factors of t.
167
Suppose 0 = -5*m + 3*a + 365, -5*a + a = -4*m + 300. List the prime factors of ((-14)/2)/((-10)/m).
7
Let f be (5 + -3)/((-2)/(-12)). Let b be f/16 - 3/(-12). List the prime factors of (0 - b)/((-9)/54).
2, 3
Let z(k) = k**3 - 6*k**2 + 8*k - 5. Let v = 21 + -16. Let i be z(v). Let h = 14 - i. What are the prime factors of h?
2
Let f(k) = k**2 + 16*k + 20. Let g be f(-14). What are the prime factors of 16 - (g/(-28))/((-1)/(-7))?
2, 7
Suppose -5 - 3 = 4*g. List the prime factors of 1 + g + (8 - 4).
3
Suppose 4*y - 1499 - 2556 = -3*p, -5095 = -5*y + 5*p. List the prime factors of y.
2, 127
Let i = -46 - -46. Suppose -5*t - 3*c + 495 = i, -4*t + 276 + 120 = -4*c. What are the prime factors of t?
3, 11
Let g(v) = -v**2 - 6*v + 13. Let a be g(-7). What are the prime factors of (-18)/(-12)*(518/a + 1)?
131
Let v(u) = -13*u - 34*u + 10*u - 2. What are the prime factors of v(-1)?
5, 7
List the prime factors of (-4 + 1)*(-28750)/69.
2, 5
Let p(u) = -u**2 - 4*u + 19. Let t be p(-7). Let k(r) = 18*r**2 + r + 2. List the prime factors of k(t).
2, 3
Let o(t) be the first derivative of t**6/180 - t**5/24 + 3*t**4/8 + 10*t**3/3 - 6. Let k(z) be the third derivative of o(z). List the prime factors of k(6).
3, 17
Suppose 0 = -4*h + 2698 + 406. What are the prime factors of h?
2, 97
Let t be (-15)/25 + 0 - (-26)/10. List the prime factors of -1 - (-6)/4 - (-15)/t.
2
Let n = 48 - 45. Suppose -n*h + 45 = -147. What are the prime factors of h?
2
Let p(l) = 23*l - 4. Suppose -7 = -9*v + 38. List the prime factors of p(v).
3, 37
Let m = -97 + 986. List the prime factors of m.
7, 127
Let c(f) = 3*f**2 + 18*f + 41. What are the prime factors of c(-14)?
13, 29
Let u be 6/(-21) - (-6061)/(-77). Let k = u - -194. What are the prime factors of k?
5, 23
Let s(g) = 1 - g**3 + 2*g**3 - 8*g**2 + 8*g - 4. Let t be s(7). Suppose 3 = 5*k - t*k. What are the prime factors of k?
3
Let h be (-44)/2 + (17 - 14). Let r = 67 - h. List the prime factors of r.
2, 43
Let u(i) = 10*i**2 + 41*i + 282. What are the prime factors of u(-9)?
3, 241
Suppose -2*n - 19 = -5*p, -2*p - 35 = -6*p - 5*n. Suppose -3*a = 0, 55 = -p*r - 2*a + 4*a. What are the prime factors of r*(-3)/(-6)*-2?
11
Suppose 5*w + 2 - 27 = 0. List the prime factors of 240/(w/1) - -2.
2, 5
Let r(b) = -b - 1. Let w be r(-5). Suppose -w*p = -57 - 39. List the prime factors of p.
2, 3
Let p(s) = s**3 + 26*s**2 - 29*s - 124. What are the prime factors of p(-21)?
2, 5, 269
Let i(y) be the first derivative of -1/3*y**3 - 13/2*y**2 + 11 + 4*y. List the prime factors of i(-10).
2, 17
List the prime factors of 103 + (9 - 8 - (1 - 4)).
107
Suppose 13 = -g + 106. Suppose -3*z + 69 = -g. Suppose 2*v - z = 4*p, 3*p = -0*v + 3*v - 66. List the prime factors of v.
17
List the prime factors of ((-13699)/30 - (-94)/705)*-4.
2, 11, 83
Let u = -39 + 44. Let g = u + 15. List the prime factors of g.
2, 5
Suppose 2*t - 3*d = -21, 4*t - 5*d + 36 = -d. Let j be t*(1 + (-5)/3). Suppose -i + 7 + 14 = -j*c, -i = -c - 18. What are the prime factors of i?
17
Let t(r) = 30*r + 1. Let n be t(13). List the prime factors of 30935/n - 2/17.
79
List the prime factors of 81/270 - (-28894)/20.
5, 17
Let j = -6 + 10. Let f be (j - 3) + 68 + -2. Let h = -46 + f. List the prime factors of h.
3, 7
Let n be (-12)/3 + 2 + 76. Suppose -n = -d + 50. What are the prime factors of 1*-3*d/(-12)?
31
Suppose -5*j - 7*x = -2*x - 2390, 2*x = 4. List the prime factors of j.
2, 7, 17
Suppose 0*y = 4*y + 60. What are the prime factors of (-1037)/y + (-4)/30?
3, 23
Let k = 13 + -6. Let c = k - 7. Suppose 4*h - 2*b - 86 = -c*h, -h + 17 = -5*b. List the prime factors of h.
2, 11
Let w(p) = 41*p + 303. What are the prime factors of w(10)?
23, 31
Let v be (28/(-3))/(8/108). Let w be 6*3*v/(-12). Suppose -6 = -3*d - 0*d, 0 = -5*r + 3*d + w. List the prime factors of r.
3, 13
Let s = 11 + 24. Let l = s - -13. List the prime factors of l.
2, 3
Suppose 2*z = -3*f + 17, -2*z + 2*f + 74 = 2*z. Let q(d) = -11*d + d - z - 11 + 8. What are the prime factors of q(-9)?
71
Suppose 0*i = -4*i - 2*p + 8332, -4*i + 8332 = -p. List the prime factors of i.
2083
Let z(c) = -c - 7. Let d be z(-7). Suppose d = -5*n - 0*n + 60. Let u = 1 + n. List the prime factors of u.
13
Let y(h) = 22*h**2 + 3*h - 11. What are the prime factors of y(-6)?
7, 109
Suppose m - 25 = -2*z + 8, -5*m + 121 = -z. Suppose r - 2*g - 26 = 0, -5*g + 0*g - m = 0. Suppose 4*f - 84 = -r. List the prime factors of f.
17
Suppose -l - 6 = -238. List the prime factors of l.
2, 29
Let b(j) = -3*j**2 - 13*j - 3. Suppose 11*n - 9*n = 22. Let m(k) = k**2 + 4*k + 1. Let u(s) = n*m(s) + 4*b(s). What are the prime factors of u(-5)?
2, 7
Let s(n) = -n**3 - 13*n**2 + 4*n. Let l(g) = 2*g**3 + 12*g**2 - 4*g + 1. Let q(r) = -2*l(r) - 3*s(r). List the prime factors of q(14).
2, 3, 23
Let o = 355 - -491. What are the prime factors of o?
2, 3, 47
Suppose -2*i + 6*i - 16 = 0. Let x be (-562)/(-18) + i/(-18). Let l = x - 17. List the prime factors of l.
2, 7
Let y(u) = -u**3 + 3*u**2 - 2*u + 2. Let c be y(2). Let w(b) = -b**2 + 5*b**2 + b**2 - b - b**c. List the prime factors of w(-2).
2, 3
Let g(h) be the third derivative of 0 + 1/6*h**4 + 0*h - 13/6*h**3 + 2*h**2. What are the prime factors of g(6)?
11
List the prime factors of (5 - 153 - 1)/(-1).
149
Let f(s) = 90*s + 13. List the prime factors of f(3).
283
Let b be 1449/35 - 6/(-10). Suppose 2*p - 4*p + b = 0. What are the prime factors of p?
3, 7
Suppose -100 = -4*a + 2*a. Suppose -4*d + 3*i + a = 15, 4*i + 20 = 0. Suppose -d*m + 10 = -0*m. What are the prime factors of m?
2
Let t = 3449 - 2448. List the prime factors of t.
7, 11, 13
Let l(s) = -6*s**3 - 10*s**2 - 19*s - 3. List the prime factors of l(-4).
3, 11
What are the prime factors of 0 + (-9)/(-12) + 17990/56?
2, 7, 23
What are the prime factors of (-176)/33 + 7 + 6836/6?
7, 163
Let c(h) = -3*h**3 + 2*h**2 - 8*h + 5. Let o be c(5). Let w = o + 590. What are the prime factors of w?
2, 5, 23
Suppose 5*v = 3*v + 50. Suppose v = 2*k - 9. List the prime factors of k.
17
Let v(z) = -8*z - z**3 - 4*z - 2*z**2 - 7 - 2*z - z**2. Let h be v(-6). Suppose -4*o = o - h. What are the prime factors of o?
37
Let g(r) = -4*r + 2 - 8 + 10*r**2 - r**3 + 0. List the prime factors of g(9).
3, 13
Let v = 